{"id":1080,"date":"2022-02-28T09:13:14","date_gmt":"2022-02-28T08:13:14","guid":{"rendered":"http:\/\/museodiffusolentatesulseveso.it\/?page_id=1080"},"modified":"2022-02-28T13:39:30","modified_gmt":"2022-02-28T12:39:30","slug":"la-cascina-galeazzo-la-piana-e-i-laghi-della-brughiera","status":"publish","type":"page","link":"https:\/\/museodiffusolentatesulseveso.it\/?page_id=1080","title":{"rendered":"La cascina Galeazzo, la piana e i laghi della brughiera"},"content":{"rendered":"\t\t<div data-elementor-type=\"wp-page\" data-elementor-id=\"1080\" class=\"elementor elementor-1080\">\n\t\t\t\t\t\t<section class=\"elementor-section elementor-top-section elementor-element elementor-element-57bfb14 elementor-section-boxed elementor-section-height-default elementor-section-height-default\" data-id=\"57bfb14\" data-element_type=\"section\" data-e-type=\"section\">\n\t\t\t\t\t\t<div class=\"elementor-container elementor-column-gap-default\">\n\t\t\t\t\t<div class=\"elementor-column elementor-col-100 elementor-top-column elementor-element elementor-element-f49a46a\" data-id=\"f49a46a\" data-element_type=\"column\" data-e-type=\"column\">\n\t\t\t<div class=\"elementor-widget-wrap elementor-element-populated\">\n\t\t\t\t\t\t<div class=\"elementor-element elementor-element-a68b055 elementor-widget elementor-widget-text-editor\" data-id=\"a68b055\" data-element_type=\"widget\" data-e-type=\"widget\" data-widget_type=\"text-editor.default\">\n\t\t\t\t<div class=\"elementor-widget-container\">\n\t\t\t\t\t\t\t\t\t<p>Il nome della cascina Galeazzo rinvia senz\u2019altro a un Galeazzo Porro, discendente da uno dei figli gemelli del conte Stefano. Alcune circostanze e documenti, sembrano individuare il committente di questa cascina nel dott. Galeazzo il vecchio, figlio del conte Antonio II, cio\u00e8 lo stesso personaggio che commission\u00f2 la costruzione della villa in Via Roma a Lentate, della quale resta l\u2019antico colonnato e qualche soffitto ligneo, oltre a lacerti d\u2019affresco. Nata per evidenti scopi venatori e di sfruttamento dell\u2019incolto, la cascina si affaccia sulla splendida piana di Cimnago che senz\u2019altro \u00e8 uno dei pi\u00f9 preziosi elementi del nostro paesaggio: \u00e8 un territorio strappato alle brughiere che ancora nel XIII secolo si stendevano vaste in questa zona del lentatese. Proprio la ricchezza di argilla e la presenza di boschi in grado di fornire legna da ardere, hanno favorito la nascita di fornaci. Vi erano almeno due fornaci nel Trecento in questa zona e appartenevano tutte alla famiglia Porro. Lo scavo dell\u2019argilla formava buche pi\u00f9 o meno grandi che col tempo hanno portato alla formazione di laghetti, alimentati da acque piovane e da lenti d\u2019acqua presenti negli strati d\u2019argilla. Si segnala in particolare, il lago Azzurro, il cui ambito \u00e8 stato recentemente riqualificato con un esteso intervento volto alla conservazione.<\/p><p>Quanto al \u201cGaleazzo\u201d, oggi \u00e8 sede dell\u2019azienda agricola Capoferri, fondata nel 1956; l\u2019attivit\u00e0 principale \u00e8 quella casearia, con la produzione di diverse variet\u00e0 di formaggio fresco e stagionato.<\/p>\t\t\t\t\t\t\t\t<\/div>\n\t\t\t\t<\/div>\n\t\t\t\t\t<\/div>\n\t\t<\/div>\n\t\t\t\t\t<\/div>\n\t\t<\/section>\n\t\t\t\t<section class=\"elementor-section elementor-top-section elementor-element elementor-element-54e846e elementor-section-boxed elementor-section-height-default elementor-section-height-default\" data-id=\"54e846e\" data-element_type=\"section\" data-e-type=\"section\">\n\t\t\t\t\t\t<div class=\"elementor-container elementor-column-gap-default\">\n\t\t\t\t\t<div class=\"elementor-column elementor-col-100 elementor-top-column elementor-element elementor-element-877998e\" data-id=\"877998e\" data-element_type=\"column\" data-e-type=\"column\">\n\t\t\t<div class=\"elementor-widget-wrap elementor-element-populated\">\n\t\t\t\t\t\t<div class=\"elementor-element elementor-element-2baa17c elementor-widget elementor-widget-image\" data-id=\"2baa17c\" data-element_type=\"widget\" data-e-type=\"widget\" data-widget_type=\"image.default\">\n\t\t\t\t<div class=\"elementor-widget-container\">\n\t\t\t\t\t\t\t\t\t\t\t\t\t\t\t<img fetchpriority=\"high\" decoding=\"async\" width=\"768\" height=\"579\" src=\"https:\/\/museodiffusolentatesulseveso.it\/wp-content\/uploads\/2022\/02\/La_cascina_Galeazzo-768x579.jpg\" class=\"attachment-medium_large size-medium_large wp-image-1082\" alt=\"\" srcset=\"https:\/\/museodiffusolentatesulseveso.it\/wp-content\/uploads\/2022\/02\/La_cascina_Galeazzo-768x579.jpg 768w, https:\/\/museodiffusolentatesulseveso.it\/wp-content\/uploads\/2022\/02\/La_cascina_Galeazzo-300x226.jpg 300w, https:\/\/museodiffusolentatesulseveso.it\/wp-content\/uploads\/2022\/02\/La_cascina_Galeazzo-1030x777.jpg 1030w, https:\/\/museodiffusolentatesulseveso.it\/wp-content\/uploads\/2022\/02\/La_cascina_Galeazzo.jpg 1472w\" sizes=\"(max-width: 768px) 100vw, 768px\" \/>\t\t\t\t\t\t\t\t\t\t\t\t\t\t\t<\/div>\n\t\t\t\t<\/div>\n\t\t\t\t\t<\/div>\n\t\t<\/div>\n\t\t\t\t\t<\/div>\n\t\t<\/section>\n\t\t\t\t<section class=\"elementor-section elementor-top-section elementor-element elementor-element-022f8d7 elementor-section-boxed elementor-section-height-default elementor-section-height-default\" data-id=\"022f8d7\" data-element_type=\"section\" data-e-type=\"section\">\n\t\t\t\t\t\t<div class=\"elementor-container elementor-column-gap-default\">\n\t\t\t\t\t<div class=\"elementor-column elementor-col-100 elementor-top-column elementor-element elementor-element-d5d0f95\" data-id=\"d5d0f95\" data-element_type=\"column\" data-e-type=\"column\">\n\t\t\t<div class=\"elementor-widget-wrap elementor-element-populated\">\n\t\t\t\t\t\t<div class=\"elementor-element elementor-element-8d162e6 elementor-widget elementor-widget-image\" data-id=\"8d162e6\" data-element_type=\"widget\" data-e-type=\"widget\" data-widget_type=\"image.default\">\n\t\t\t\t<div class=\"elementor-widget-container\">\n\t\t\t\t\t\t\t\t\t\t\t\t\t\t\t<img decoding=\"async\" width=\"768\" height=\"547\" src=\"https:\/\/museodiffusolentatesulseveso.it\/wp-content\/uploads\/2022\/02\/IMG-4489 CIMNAGO LAGO AZZURRO(1)-768x547.jpg\" class=\"attachment-medium_large size-medium_large wp-image-755\" alt=\"\" srcset=\"https:\/\/museodiffusolentatesulseveso.it\/wp-content\/uploads\/2022\/02\/IMG-4489%20CIMNAGO%20LAGO%20AZZURRO(1)-768x547.jpg 768w, https:\/\/museodiffusolentatesulseveso.it\/wp-content\/uploads\/2022\/02\/IMG-4489%20CIMNAGO%20LAGO%20AZZURRO(1)-300x214.jpg 300w, https:\/\/museodiffusolentatesulseveso.it\/wp-content\/uploads\/2022\/02\/IMG-4489%20CIMNAGO%20LAGO%20AZZURRO(1)-1030x734.jpg 1030w, https:\/\/museodiffusolentatesulseveso.it\/wp-content\/uploads\/2022\/02\/IMG-4489%20CIMNAGO%20LAGO%20AZZURRO(1)-1536x1094.jpg 1536w, https:\/\/museodiffusolentatesulseveso.it\/wp-content\/uploads\/2022\/02\/IMG-4489%20CIMNAGO%20LAGO%20AZZURRO(1)-2048x1459.jpg 2048w\" sizes=\"(max-width: 768px) 100vw, 768px\" \/>\t\t\t\t\t\t\t\t\t\t\t\t\t\t\t<\/div>\n\t\t\t\t<\/div>\n\t\t\t\t\t<\/div>\n\t\t<\/div>\n\t\t\t\t\t<\/div>\n\t\t<\/section>\n\t\t\t\t<\/div>\n\t\t","protected":false},"excerpt":{"rendered":"<p>Il nome della cascina Galeazzo rinvia senz\u2019altro a un Galeazzo Porro, discendente da uno dei figli gemelli del conte Stefano. Alcune circostanze e documenti, sembrano individuare il committente di questa cascina nel dott. Galeazzo il vecchio, figlio del conte Antonio II, cio\u00e8 lo stesso personaggio che commission\u00f2 la costruzione della villa in Via Roma a [&hellip;]<\/p>\n","protected":false},"author":1,"featured_media":0,"parent":0,"menu_order":0,"comment_status":"closed","ping_status":"closed","template":"","meta":{"footnotes":""},"class_list":["post-1080","page","type-page","status-publish","hentry"],"_links":{"self":[{"href":"https:\/\/museodiffusolentatesulseveso.it\/index.php?rest_route=\/wp\/v2\/pages\/1080","targetHints":{"allow":["GET"]}}],"collection":[{"href":"https:\/\/museodiffusolentatesulseveso.it\/index.php?rest_route=\/wp\/v2\/pages"}],"about":[{"href":"https:\/\/museodiffusolentatesulseveso.it\/index.php?rest_route=\/wp\/v2\/types\/page"}],"author":[{"embeddable":true,"href":"https:\/\/museodiffusolentatesulseveso.it\/index.php?rest_route=\/wp\/v2\/users\/1"}],"replies":[{"embeddable":true,"href":"https:\/\/museodiffusolentatesulseveso.it\/index.php?rest_route=%2Fwp%2Fv2%2Fcomments&post=1080"}],"version-history":[{"count":8,"href":"https:\/\/museodiffusolentatesulseveso.it\/index.php?rest_route=\/wp\/v2\/pages\/1080\/revisions"}],"predecessor-version":[{"id":1124,"href":"https:\/\/museodiffusolentatesulseveso.it\/index.php?rest_route=\/wp\/v2\/pages\/1080\/revisions\/1124"}],"wp:attachment":[{"href":"https:\/\/museodiffusolentatesulseveso.it\/index.php?rest_route=%2Fwp%2Fv2%2Fmedia&parent=1080"}],"curies":[{"name":"wp","href":"https:\/\/api.w.org\/{rel}","templated":true}]}}