{"id":1087,"date":"2022-02-28T09:17:36","date_gmt":"2022-02-28T08:17:36","guid":{"rendered":"http:\/\/museodiffusolentatesulseveso.it\/?page_id=1087"},"modified":"2022-02-28T09:32:26","modified_gmt":"2022-02-28T08:32:26","slug":"san-vincenzo-di-cimnago","status":"publish","type":"page","link":"https:\/\/museodiffusolentatesulseveso.it\/?page_id=1087","title":{"rendered":"San Vincenzo di Cimnago"},"content":{"rendered":"\t\t<div data-elementor-type=\"wp-page\" data-elementor-id=\"1087\" class=\"elementor elementor-1087\">\n\t\t\t\t\t\t<section class=\"elementor-section elementor-top-section elementor-element elementor-element-3bd663b elementor-section-boxed elementor-section-height-default elementor-section-height-default\" data-id=\"3bd663b\" data-element_type=\"section\" data-e-type=\"section\">\n\t\t\t\t\t\t<div class=\"elementor-container elementor-column-gap-default\">\n\t\t\t\t\t<div class=\"elementor-column elementor-col-100 elementor-top-column elementor-element elementor-element-b21f347\" data-id=\"b21f347\" data-element_type=\"column\" data-e-type=\"column\">\n\t\t\t<div class=\"elementor-widget-wrap elementor-element-populated\">\n\t\t\t\t\t\t<div class=\"elementor-element elementor-element-f32fc84 elementor-widget elementor-widget-text-editor\" data-id=\"f32fc84\" data-element_type=\"widget\" data-e-type=\"widget\" data-widget_type=\"text-editor.default\">\n\t\t\t\t<div class=\"elementor-widget-container\">\n\t\t\t\t\t\t\t\t\t<p>La dedicazione della vecchia chiesa rinvia certamente all\u2019ambito canturino, sotto la cui influenza \u00e8 ancora nel Cinquecento. La chiesa \u00e8 per\u00f2 molto precedente, forse addirittura gi\u00e0 edificata all\u2019epoca dei da Bovisio (XII secolo), certamente dotata di sacerdote almeno dal Duecento. Soggetta alle monache di Meda, esse influenzarono la nomina del rettore, fino all\u2019epoca di Carlo Borromeo. Da una visita pastorale alla parrocchia di Novedrate (1568) sappiamo che l\u2019edificio \u00e8 ancora dedicato a San Vincenzo, ma all\u2019interno sta un affresco che raffigura una Madonna col Bambino.<\/p>\t\t\t\t\t\t\t\t<\/div>\n\t\t\t\t<\/div>\n\t\t\t\t\t<\/div>\n\t\t<\/div>\n\t\t\t\t\t<\/div>\n\t\t<\/section>\n\t\t\t\t<section class=\"elementor-section elementor-top-section elementor-element elementor-element-27532b6 elementor-section-boxed elementor-section-height-default elementor-section-height-default\" data-id=\"27532b6\" data-element_type=\"section\" data-e-type=\"section\">\n\t\t\t\t\t\t<div class=\"elementor-container elementor-column-gap-default\">\n\t\t\t\t\t<div class=\"elementor-column elementor-col-100 elementor-top-column elementor-element elementor-element-9a92549\" data-id=\"9a92549\" data-element_type=\"column\" data-e-type=\"column\">\n\t\t\t<div class=\"elementor-widget-wrap elementor-element-populated\">\n\t\t\t\t\t\t<div class=\"elementor-element elementor-element-a7388a9 elementor-widget elementor-widget-image\" data-id=\"a7388a9\" data-element_type=\"widget\" data-e-type=\"widget\" data-widget_type=\"image.default\">\n\t\t\t\t<div class=\"elementor-widget-container\">\n\t\t\t\t\t\t\t\t\t\t\t\t\t\t\t<img fetchpriority=\"high\" decoding=\"async\" width=\"643\" height=\"794\" src=\"https:\/\/museodiffusolentatesulseveso.it\/wp-content\/uploads\/2022\/02\/San_Vincenzo_Cimnago.jpg\" class=\"attachment-large size-large wp-image-1089\" alt=\"\" srcset=\"https:\/\/museodiffusolentatesulseveso.it\/wp-content\/uploads\/2022\/02\/San_Vincenzo_Cimnago.jpg 643w, https:\/\/museodiffusolentatesulseveso.it\/wp-content\/uploads\/2022\/02\/San_Vincenzo_Cimnago-243x300.jpg 243w\" sizes=\"(max-width: 643px) 100vw, 643px\" \/>\t\t\t\t\t\t\t\t\t\t\t\t\t\t\t<\/div>\n\t\t\t\t<\/div>\n\t\t\t\t\t<\/div>\n\t\t<\/div>\n\t\t\t\t\t<\/div>\n\t\t<\/section>\n\t\t\t\t<\/div>\n\t\t","protected":false},"excerpt":{"rendered":"<p>La dedicazione della vecchia chiesa rinvia certamente all\u2019ambito canturino, sotto la cui influenza \u00e8 ancora nel Cinquecento. La chiesa \u00e8 per\u00f2 molto precedente, forse addirittura gi\u00e0 edificata all\u2019epoca dei da Bovisio (XII secolo), certamente dotata di sacerdote almeno dal Duecento. Soggetta alle monache di Meda, esse influenzarono la nomina del rettore, fino all\u2019epoca di Carlo [&hellip;]<\/p>\n","protected":false},"author":1,"featured_media":0,"parent":0,"menu_order":0,"comment_status":"closed","ping_status":"closed","template":"","meta":{"footnotes":""},"class_list":["post-1087","page","type-page","status-publish","hentry"],"_links":{"self":[{"href":"https:\/\/museodiffusolentatesulseveso.it\/index.php?rest_route=\/wp\/v2\/pages\/1087","targetHints":{"allow":["GET"]}}],"collection":[{"href":"https:\/\/museodiffusolentatesulseveso.it\/index.php?rest_route=\/wp\/v2\/pages"}],"about":[{"href":"https:\/\/museodiffusolentatesulseveso.it\/index.php?rest_route=\/wp\/v2\/types\/page"}],"author":[{"embeddable":true,"href":"https:\/\/museodiffusolentatesulseveso.it\/index.php?rest_route=\/wp\/v2\/users\/1"}],"replies":[{"embeddable":true,"href":"https:\/\/museodiffusolentatesulseveso.it\/index.php?rest_route=%2Fwp%2Fv2%2Fcomments&post=1087"}],"version-history":[{"count":5,"href":"https:\/\/museodiffusolentatesulseveso.it\/index.php?rest_route=\/wp\/v2\/pages\/1087\/revisions"}],"predecessor-version":[{"id":1093,"href":"https:\/\/museodiffusolentatesulseveso.it\/index.php?rest_route=\/wp\/v2\/pages\/1087\/revisions\/1093"}],"wp:attachment":[{"href":"https:\/\/museodiffusolentatesulseveso.it\/index.php?rest_route=%2Fwp%2Fv2%2Fmedia&parent=1087"}],"curies":[{"name":"wp","href":"https:\/\/api.w.org\/{rel}","templated":true}]}}

<div data-elementor-type="wp-page" data-elementor-id="1087" class="elementor elementor-1087">
						<section class="elementor-section elementor-top-section elementor-element elementor-element-3bd663b elementor-section-boxed elementor-section-height-default elementor-section-height-default" data-id="3bd663b" data-element_type="section" data-e-type="section">
						<div class="elementor-container elementor-column-gap-default">
					<div class="elementor-column elementor-col-100 elementor-top-column elementor-element elementor-element-b21f347" data-id="b21f347" data-element_type="column" data-e-type="column">
			<div class="elementor-widget-wrap elementor-element-populated">
						<div class="elementor-element elementor-element-f32fc84 elementor-widget elementor-widget-text-editor" data-id="f32fc84" data-element_type="widget" data-e-type="widget" data-widget_type="text-editor.default">
				<div class="elementor-widget-container">
									<p>La dedicazione della vecchia chiesa rinvia certamente all’ambito canturino, sotto la cui influenza è ancora nel Cinquecento. La chiesa è però molto precedente, forse addirittura già edificata all’epoca dei da Bovisio (XII secolo), certamente dotata di sacerdote almeno dal Duecento. Soggetta alle monache di Meda, esse influenzarono la nomina del rettore, fino all’epoca di Carlo Borromeo. Da una visita pastorale alla parrocchia di Novedrate (1568) sappiamo che l’edificio è ancora dedicato a San Vincenzo, ma all’interno sta un affresco che raffigura una Madonna col Bambino.</p>								</div>
				</div>
					</div>
		</div>
					</div>
		</section>
				<section class="elementor-section elementor-top-section elementor-element elementor-element-27532b6 elementor-section-boxed elementor-section-height-default elementor-section-height-default" data-id="27532b6" data-element_type="section" data-e-type="section">
						<div class="elementor-container elementor-column-gap-default">
					<div class="elementor-column elementor-col-100 elementor-top-column elementor-element elementor-element-9a92549" data-id="9a92549" data-element_type="column" data-e-type="column">
			<div class="elementor-widget-wrap elementor-element-populated">
						<div class="elementor-element elementor-element-a7388a9 elementor-widget elementor-widget-image" data-id="a7388a9" data-element_type="widget" data-e-type="widget" data-widget_type="image.default">
				<div class="elementor-widget-container">
															<img fetchpriority="high" decoding="async" width="643" height="794" src="https://museodiffusolentatesulseveso.it/wp-content/uploads/2022/02/San_Vincenzo_Cimnago.jpg" class="attachment-large size-large wp-image-1089" alt="" srcset="https://museodiffusolentatesulseveso.it/wp-content/uploads/2022/02/San_Vincenzo_Cimnago.jpg 643w, https://museodiffusolentatesulseveso.it/wp-content/uploads/2022/02/San_Vincenzo_Cimnago-243x300.jpg 243w" sizes="(max-width: 643px) 100vw, 643px" />															</div>
				</div>
					</div>
		</div>
					</div>
		</section>
				</div>

<p>La dedicazione della vecchia chiesa rinvia certamente all’ambito canturino, sotto la cui influenza è ancora nel Cinquecento. La chiesa è però molto precedente, forse addirittura già edificata all’epoca dei da Bovisio (XII secolo), certamente dotata di sacerdote almeno dal Duecento. Soggetta alle monache di Meda, esse influenzarono la nomina del rettore, fino all’epoca di Carlo [&hellip;]</p>
